/6. Let n be d/(-12) + ((-27)/(-12) - 2). Calculate the greatest common factor of 38 and n.
38
Suppose 8 = 4*p, -5*p - 522 = -2*i - 2*i. Calculate the greatest common factor of 38 and i.
19
Let v(a) = 21*a**2 + a. Let t be v(1). Let w = -20 + t. Suppose 0 = -w*p - 3*p + 90. Calculate the greatest common factor of 12 and p.
6
Let b be (-544)/(-24)*102/4. Calculate the highest common factor of b and 102.
34
Let x = 63 - 81. Let n be ((-27)/x)/((-2)/(-64)). Calculate the greatest common factor of 12 and n.
12
Let r be (-6 + -1)*48/(-28). Suppose -3*f = 5*a - 160, -4*f + 248 = -a - a. Calculate the greatest common factor of r and f.
12
Let f be (-608)/6 + (-6)/(-18). Let p = f + 181. Suppose p = 3*a - 67. What is the greatest common divisor of a and 7?
7
Let y = 5 + -2. Let n be (y/(-2))/((-24)/1120). Suppose 0 = -w + 2*w - 10. What is the highest common factor of n and w?
10
Let f(z) = -13*z + 403. Let u be f(-10). What is the greatest common divisor of u and 26?
13
Let f be -4*(-5)/20 + -1. Suppose 4*p + 23 - 71 = f. What is the highest common divisor of 18 and p?
6
Let l be 0 + 2 - (-12 - 6). Let f = -8 + l. Let x be ((-18)/(-4))/((-6)/(-40)). Calculate the highest common factor of f and x.
6
Let d be (2 - 17)*(-7 + 2). Let f be (6/(-15))/(3/(-15)). Let g(s) = 7*s**2 + 2. Let n be g(f). What is the greatest common factor of d and n?
15
Suppose -86 + 632 = -3*p. Let u = 2 - 51. Let h be (-2)/(-7) + p/u. Calculate the highest common factor of h and 2.
2
Let p be 91960/770 + (-6)/14. What is the highest common factor of p and 63?
7
Let a be (28 + -3)*2*10/(-4). Let l be a/4*2*-2. Calculate the greatest common divisor of 25 and l.
25
Let u = -337 - -429. What is the greatest common divisor of u and 23?
23
Let u = 37 + -5. Suppose -k = -4*k - y + 98, 92 = 3*k - 2*y. Calculate the highest common factor of u and k.
32
Let p be 918/(-24) - 6/8. Let r = -6 - p. Suppose -2*z + r - 7 = 0. Calculate the highest common factor of z and 117.
13
Suppose 24*c = -14*c + 912. Calculate the highest common factor of c and 27.
3
Suppose 46 = 2*y - 4*p, 0 = y + 4*p - 13 - 4. Calculate the highest common divisor of 336 and y.
21
Let c be (-1092)/(-208) + (-3)/(-4). What is the highest common factor of 822 and c?
6
Suppose -16*y - 40 = -24*y. Suppose -3*b - 12 = 0, 2*b = -2*z - 2*b + 14. Calculate the greatest common divisor of z and y.
5
Let t(x) = -7*x**2 + 53*x + 4. Let f be t(6). What is the greatest common factor of 2 and f?
2
Suppose 0*s + 24 = -3*s. Let l = -8 - s. Suppose h + l*h = 5*f - 24, 25 = 5*h + 4*f. Calculate the highest common factor of h and 2.
1
Let n = -32 + 46. Suppose -w = -o - 8, 1 = 6*o - 7*o. What is the greatest common factor of w and n?
7
Let c(h) = 65*h**2 - 7*h - 12. Let j be c(-3). Calculate the highest common divisor of 44 and j.
22
Suppose -3*t + 108 = -4*r - 290, -4*t + 484 = 4*r. What is the highest common factor of 56 and t?
14
Suppose 0*c - 3*s = c - 16, 5 = s. Let t(i) = i. Let a be t(4). What is the greatest common factor of a and c?
1
Let c(o) = -o**3 - 6*o**2 + 15*o + 7. Let b = -58 + 50. Let h be c(b). Calculate the highest common divisor of 10 and h.
5
Let b = -8 - -12. Suppose -52 + 8 = -b*s. Suppose -u = -2*x - x - 10, 4*x + 7 = -5*u. What is the highest common divisor of u and s?
1
Suppose -14*g = m - 9*g + 1, 57 = 3*m - 5*g. What is the greatest common factor of m and 686?
14
Let h = 17 + -39. Let l be 42/5 - h/(-55). Let i = l - -4. Calculate the greatest common divisor of i and 24.
12
Let s(t) = -t**3 - 2*t**2 + 6*t + 1. Let z be s(-4). Suppose 0 = 10*h - z*h - 4. Calculate the greatest common divisor of 4 and h.
4
Let a = -23 + 26. Suppose 4*o + 33 = h, a*o = 4*h - 0*o - 119. Suppose -2*d + h = 5. Calculate the greatest common factor of 48 and d.
12
Suppose -w - b + 116 = 0, 0 = w - 0*b - b - 108. Let l = 120 - w. Let y be (-188)/(-12) - 2/(-6). Calculate the highest common factor of l and y.
8
Let y = -7 - -26. Let t be (-1)/2 - (-33)/6. Suppose t*m - 109 = -y. What is the greatest common divisor of 2 and m?
2
Suppose -39*s + 37 = -80. Suppose 2*n - 1 - 9 = 0. Suppose -s*p = -5*c + 326 + 175, -n*c + 503 = -4*p. Calculate the highest common divisor of c and 9.
9
Let b(l) = 55*l**2 + 1. Let g be b(1). Let a = 84 + -76. What is the greatest common divisor of a and g?
8
Let t = 9 + -4. Suppose t*m = 11*m - 126. Calculate the highest common divisor of 105 and m.
21
Suppose 0 = -5*y + y + 616. Suppose 5*c + m = -m + y, -125 = -4*c - m. Calculate the greatest common factor of 4 and c.
4
Let k be (18/5)/(1/30). Calculate the greatest common divisor of 144 and k.
36
Let m = 23 - 42. Let k = 22 + m. Calculate the highest common divisor of k and 1.
1
Let c(o) = -24*o + 126. Let q be c(5). Suppose -14 = 4*j - 182. What is the highest common divisor of j and q?
6
Suppose -4*x = n - 12, -2*x - 4*n = -7*x + 36. Suppose f - x*f - 4*l + 56 = 0, -3*f - l + 50 = 0. Calculate the greatest common divisor of f and 56.
8
Suppose 30*y - 794 = 7*y + 862. Suppose 0 = 5*j + k - 42, j - 3*k - 18 = -0*j. What is the highest common factor of y and j?
9
Suppose 0 = -45*o + 1732 + 2678. Calculate the greatest common divisor of o and 343.
49
Let d be 435/(-10)*4/6. Let x = d - -40. Let q be (-56)/(-8)*(x - 0). Calculate the greatest common factor of 11 and q.
11
Let l(d) = 2*d**2 - 2*d + 3. Let g be ((-21)/(-63))/(1/9). Let r be l(g). Calculate the highest common factor of 105 and r.
15
Suppose 2*m + 2 = 3*m - 2*r, m + 3*r = 17. Suppose m*b = 6*b + 660. Calculate the greatest common divisor of b and 30.
30
Suppose -20 = -2*m + 4*n, -26 = 52*m - 54*m + 2*n. What is the highest common divisor of m and 208?
16
Suppose -1312 = -6*m + 1418. What is the highest common factor of m and 35?
35
Let l(c) = -89*c**3 - 2*c**2 + c + 2. Let n be l(-1). Let y = 2 - -6. What is the highest common factor of y and n?
8
Let l(m) = -m**3 + 43*m**2 - 114*m + 24. Let x be l(40). What is the highest common factor of 297 and x?
33
Suppose -15*u = 41*u - 840. Calculate the greatest common factor of u and 120.
15
Let d(b) = -b**2 - 9*b - 33. Let w be d(-12). Let i = -67 - w. What is the highest common divisor of i and 2?
2
Let r(i) = 7*i. Let c(p) = 64*p. Let w(m) = -3*c(m) + 28*r(m). Let b be w(6). What is the highest common factor of 3 and b?
3
Suppose b - 4*d + 18 = 3*b, d = b. Suppose -2*t + 56 = o - 3*o, -t + 32 = b*o. Calculate the greatest common factor of t and 29.
29
Let r = 17 + 1561. What is the greatest common factor of 6 and r?
6
Let g = 1918 + -1346. Calculate the greatest common divisor of 260 and g.
52
Let o be ((-8)/16)/(1/12). Let w(f) = f**3 + 7*f**2 + 4*f - 2. Let d be w(o). Calculate the highest common divisor of 90 and d.
10
Let f be ((-4)/10)/(2/(-50)). Let y = 23 + -32. Let g be 8 + y + (41 - 0). What is the greatest common divisor of g and f?
10
Let k = -1812 - -2648. Calculate the highest common factor of 152 and k.
76
Suppose s = -3*s + 20. Suppose 4*g = -4*k + 4 - 0, -5*g + s*k = -5. Calculate the highest common factor of 7 and g.
1
Suppose 0*a - 7*a = 0. Suppose -13*x + 787 - 267 = a. What is the highest common divisor of x and 5?
5
Let s be 1/(4/16) + 0. Let y be (-6)/2 + 3 + s. Suppose -y*x = 100 - 364. What is the greatest common factor of x and 6?
6
Let n(r) = -11*r. Let f be n(-2). Suppose -4*i + 736 = -2*t + 6*t, t - i - 192 = 0. Suppose 23 = -3*l + t. Calculate the highest common divisor of l and f.
11
Suppose -2*v + v = 0. Suppose 2*u + 4 - 8 = v. Let z be (u/(-3))/((-5)/60). What is the greatest common factor of z and 20?
4
Suppose 3*v + 5 - 14 = 0. Suppose -v*s - 750 = -8*s. Calculate the greatest common divisor of s and 60.
30
Let s(d) = -2*d**2 + 43*d - 35. Let f be s(20). What is the greatest common divisor of 10 and f?
5
Let j be -2 + 0 + 53 + 1. Suppose -2*m = -45 + 37. Suppose -658 = -5*s - m*i, 4*s - 7*s + 5*i + 380 = 0. Calculate the greatest common divisor of j and s.
26
Let k(z) = 5 - 7*z - z**3 + 18 + 1 + 9*z**2. Let i be k(8). Calculate the highest common factor of 112 and i.
16
Let i(h) = -h**3 + 9*h**2 + 25*h - 24. Let c be i(11). What is the highest common factor of c and 5?
1
Suppose 2*x + 43 = 2*i - 171, -2*i - 5*x + 200 = 0. What is the greatest common divisor of i and 45?
15
Let q(i) = -59*i + 16. Let w be q(-1). Wha